{"id":17,"date":"2013-01-10T10:30:08","date_gmt":"2013-01-10T09:30:08","guid":{"rendered":"http:\/\/web.zulaibar.org\/?page_id=17"},"modified":"2017-05-30T11:23:15","modified_gmt":"2017-05-30T10:23:15","slug":"historia","status":"publish","type":"page","link":"https:\/\/www.zulaibar.net\/es\/historia\/","title":{"rendered":"Historia"},"content":{"rendered":"<p>[vc_row][vc_column][vc_empty_space height=&#8221;48px&#8221;][\/vc_column][\/vc_row][vc_row][vc_column][vc_row_inner][vc_column_inner offset=&#8221;vc_col-lg-7 vc_col-md-6 vc_col-xs-12&#8243;][vc_column_text css_animation=&#8221;left-to-right&#8221; css=&#8221;.vc_custom_1466435654153{margin-top: 15px !important;}&#8221;]<\/p>\n<h3>Breve historia del Centro<\/h3>\n<p>Este centro de FP se fund\u00f3 en el a\u00f1o 1955 por iniciativa de personas vinculadas al pueblo de Zeanuri y sus parroquias de Santa Mar\u00eda y Santiago. En el a\u00f1o 1968 se asent\u00f3 en el edificio actual, en el B\u00ba de Zulaibar.<\/p>\n<p>En los inicios, la finalidad que se le encomend\u00f3 a la Escuela, era lograr que los trabajadores del entorno que acced\u00edan a puestos de trabajo en las empresas m\u00e1s pr\u00f3ximas tuvieran una cualificaci\u00f3n profesional m\u00ednima que dignificara su trabajo. Tras ser Escuela de Aprendices que con tres a\u00f1os de formaci\u00f3n despu\u00e9s de los estudios primarios lograra el t\u00edtulo de OFICIALIA para sus alumnos, fundamentalmente en especialidades de Ajuste, Torno, Fresadora, etc. Se implantaron la FPI y FPII (ley de 1970) ampliando las especialidades a Delineaci\u00f3n, Electricidad \/ Electr\u00f3nica, Administrativo, etc.<\/p>\n<p>Hoy d\u00eda es el \u00fanico centro de FP de la Comarca de Arratia, pertenece a la RED de centros integrales del GV\/EJ, colabora con el Dpto. de Trabajo-EGAILAN, LANGAI- Diputaci\u00f3n de Bizkaia, HOBETUZ, Empresas, Ayuntamientos, &#8230; en materia de Formaci\u00f3n. La titularidad la ostenta la Di\u00f3cesis de Bilbao desde Centros Diocesanos y pertenece a la asociaci\u00f3n de centros de FP HETEL.<\/p>\n<p>Los esfuerzos de modernizaci\u00f3n de las instalaciones y equipamiento as\u00ed como incorporaci\u00f3n de nuevas tecnolog\u00edas, formaci\u00f3n del profesorado, aplicaci\u00f3n de procesos de Calidad en Ense\u00f1anza \/ aprendizaje, etc. hace de ZULAIBAR un centro moderno y actual que imparte Ciclos formativos de formaci\u00f3n profesional b\u00e1sica y Ciclos Formativos de Grado Medio y Grado Superior, as\u00ed como cursos de no Reglada en Ocupacional y Continua.[\/vc_column_text][\/vc_column_inner][vc_column_inner offset=&#8221;vc_col-lg-5 vc_col-md-6 vc_col-xs-12&#8243;][vc_empty_space height=&#8221;18px&#8221;][vc_single_image image=&#8221;2584&#8243; img_size=&#8221;large&#8221; alignment=&#8221;center&#8221; css_animation=&#8221;right-to-left&#8221;][\/vc_column_inner][\/vc_row_inner][\/vc_column][\/vc_row][vc_row][vc_column][vc_btn title=&#8221;CONTACTA CON NOSOTROS&#8221; style=&#8221;custom&#8221; custom_background=&#8221;#006cb8&#8243; custom_text=&#8221;#ffffff&#8221; shape=&#8221;square&#8221; align=&#8221;center&#8221; css_animation=&#8221;bottom-to-top&#8221; link=&#8221;url:mailto%3Ainfo%40zulaibar.org||&#8221;][\/vc_column][\/vc_row][vc_row el_class=&#8221;.color-white&#8221; css=&#8221;.vc_custom_1453832129273{margin-top: 90px !important;margin-bottom: 90px !important;}&#8221;][vc_column width=&#8221;1\/4&#8243;][\/vc_column][vc_column width=&#8221;1\/2&#8243; css=&#8221;.vc_custom_1462150982680{padding-right: 20px !important;padding-left: 20px !important;}&#8221;][vc_row_inner css=&#8221;.vc_custom_1462145761066{background-color: #006cb8 !important;}&#8221;][vc_column_inner width=&#8221;1\/4&#8243;][vc_icon type=&#8221;linecons&#8221; icon_linecons=&#8221;vc_li vc_li-paperplane&#8221; color=&#8221;white&#8221; size=&#8221;lg&#8221; align=&#8221;center&#8221; css_animation=&#8221;left-to-right&#8221;][\/vc_column_inner][vc_column_inner width=&#8221;3\/4&#8243;][vc_column_text css_animation=&#8221;bottom-to-top&#8221;]<\/p>\n<h4>MISI\u00d3N<\/h4>\n<p>El centro diocesano Arratiako Zulaibar Lanbide Ikastegia tiene como misi\u00f3n la educaci\u00f3n de personas de forma integral, en un entorno euskaldun:<\/p>\n<ul>\n<li>bas\u00e1ndose en valores humanos.<\/li>\n<li>prestando especial inter\u00e9s a las necesidades de las empresas, organizaciones y familas de nuestra zona de influencia.<\/li>\n<li>facilitando su integraci\u00f3n social y laboral.<\/li>\n<li>respetando el medio ambiente.<\/li>\n<\/ul>\n<p>[\/vc_column_text][\/vc_column_inner][\/vc_row_inner][vc_row_inner css=&#8221;.vc_custom_1453832039579{background-color: #428bca !important;}&#8221;][vc_column_inner width=&#8221;1\/4&#8243;][vc_icon type=&#8221;linecons&#8221; icon_linecons=&#8221;vc_li vc_li-bulb&#8221; color=&#8221;white&#8221; size=&#8221;lg&#8221; align=&#8221;center&#8221; css_animation=&#8221;left-to-right&#8221;][\/vc_column_inner][vc_column_inner width=&#8221;3\/4&#8243;][vc_column_text css_animation=&#8221;bottom-to-top&#8221;]<\/p>\n<h4>VISI\u00d3N<\/h4>\n<p>Ser el Centro de referencia de Formaci\u00f3n Profesional y fuerza tractora de nuestro \u00e1mbito de influencia, bas\u00e1ndonos en metodolog\u00edas y proyectos innovadores.[\/vc_column_text][\/vc_column_inner][\/vc_row_inner][vc_row_inner css=&#8221;.vc_custom_1462150917442{background-color: #006cb8 !important;}&#8221;][vc_column_inner width=&#8221;1\/4&#8243;][vc_icon type=&#8221;linecons&#8221; color=&#8221;white&#8221; size=&#8221;lg&#8221; align=&#8221;center&#8221; css_animation=&#8221;left-to-right&#8221;][\/vc_column_inner][vc_column_inner width=&#8221;3\/4&#8243;][vc_column_text css_animation=&#8221;bottom-to-top&#8221;]<\/p>\n<h4>VALORES<\/h4>\n<ul>\n<li>Compromiso<\/li>\n<li>Creatividad<\/li>\n<li>Visi\u00f3n compartida<\/li>\n<li>Aprendizaje continuo<\/li>\n<li>Innovaci\u00f3n<\/li>\n<li>Trabajo en equipo<\/li>\n<\/ul>\n<p>[\/vc_column_text][\/vc_column_inner][\/vc_row_inner][\/vc_column][vc_column width=&#8221;1\/4&#8243;][\/vc_column][\/vc_row]<\/p>\n","protected":false},"excerpt":{"rendered":"<p>[vc_row][vc_column][vc_empty_space height=&#8221;48px&#8221;][\/vc_column][\/vc_row][vc_row][vc_column][vc_row_inner][vc_column_inner offset=&#8221;vc_col-lg-7 vc_col-md-6 vc_col-xs-12&#8243;][vc_column_text css_animation=&#8221;left-to-right&#8221; css=&#8221;.vc_custom_1466435654153{margin-top: 15px !important;}&#8221;] Breve historia del Centro Este centro [&hellip;]<\/p>\n","protected":false},"author":1,"featured_media":0,"parent":0,"menu_order":0,"comment_status":"closed","ping_status":"closed","template":"","meta":[],"yoast_head":"<!-- This site is optimized with the Yoast SEO plugin v20.5 - https:\/\/yoast.com\/wordpress\/plugins\/seo\/ -->\n<title>Historia - Zulaibar Arratiako Lanbide Ikastegia<\/title>\n<meta name=\"robots\" content=\"index, follow, max-snippet:-1, max-image-preview:large, max-video-preview:-1\" \/>\n<link rel=\"canonical\" href=\"https:\/\/www.zulaibar.net\/es\/historia\/\" \/>\n<meta property=\"og:locale\" content=\"es_ES\" \/>\n<meta property=\"og:type\" content=\"article\" \/>\n<meta property=\"og:title\" content=\"Historia - Zulaibar Arratiako Lanbide Ikastegia\" \/>\n<meta property=\"og:description\" content=\"[vc_row][vc_column][vc_empty_space height=&#8221;48px&#8221;][\/vc_column][\/vc_row][vc_row][vc_column][vc_row_inner][vc_column_inner offset=&#8221;vc_col-lg-7 vc_col-md-6 vc_col-xs-12&#8243;][vc_column_text css_animation=&#8221;left-to-right&#8221; css=&#8221;.vc_custom_1466435654153{margin-top: 15px !important;}&#8221;] Breve historia del Centro Este centro [&hellip;]\" \/>\n<meta property=\"og:url\" content=\"https:\/\/www.zulaibar.net\/es\/historia\/\" \/>\n<meta property=\"og:site_name\" content=\"Zulaibar Arratiako Lanbide Ikastegia\" \/>\n<meta property=\"article:publisher\" content=\"https:\/\/www.facebook.com\/zulaibar.arratiakolanbideikastegia\" \/>\n<meta property=\"article:modified_time\" content=\"2017-05-30T10:23:15+00:00\" \/>\n<meta name=\"twitter:label1\" content=\"Tiempo de lectura\" \/>\n\t<meta name=\"twitter:data1\" content=\"3 minutos\" \/>\n<script type=\"application\/ld+json\" class=\"yoast-schema-graph\">{\"@context\":\"https:\/\/schema.org\",\"@graph\":[{\"@type\":\"WebPage\",\"@id\":\"https:\/\/www.zulaibar.net\/es\/historia\/\",\"url\":\"https:\/\/www.zulaibar.net\/es\/historia\/\",\"name\":\"Historia - Zulaibar Arratiako Lanbide Ikastegia\",\"isPartOf\":{\"@id\":\"https:\/\/www.zulaibar.net\/#website\"},\"datePublished\":\"2013-01-10T09:30:08+00:00\",\"dateModified\":\"2017-05-30T10:23:15+00:00\",\"breadcrumb\":{\"@id\":\"https:\/\/www.zulaibar.net\/es\/historia\/#breadcrumb\"},\"inLanguage\":\"es\",\"potentialAction\":[{\"@type\":\"ReadAction\",\"target\":[\"https:\/\/www.zulaibar.net\/es\/historia\/\"]}]},{\"@type\":\"BreadcrumbList\",\"@id\":\"https:\/\/www.zulaibar.net\/es\/historia\/#breadcrumb\",\"itemListElement\":[{\"@type\":\"ListItem\",\"position\":1,\"name\":\"Portada\",\"item\":\"https:\/\/www.zulaibar.net\/es\/\"},{\"@type\":\"ListItem\",\"position\":2,\"name\":\"Historia\"}]},{\"@type\":\"WebSite\",\"@id\":\"https:\/\/www.zulaibar.net\/#website\",\"url\":\"https:\/\/www.zulaibar.net\/\",\"name\":\"Zulaibar Arratiako Lanbide Ikastegia\",\"description\":\"Zulaibar Arratiako Lanbide Ikastegiaren web gunea\",\"potentialAction\":[{\"@type\":\"SearchAction\",\"target\":{\"@type\":\"EntryPoint\",\"urlTemplate\":\"https:\/\/www.zulaibar.net\/?s={search_term_string}\"},\"query-input\":\"required name=search_term_string\"}],\"inLanguage\":\"es\"}]}<\/script>\n<!-- \/ Yoast SEO plugin. -->","yoast_head_json":{"title":"Historia - Zulaibar Arratiako Lanbide Ikastegia","robots":{"index":"index","follow":"follow","max-snippet":"max-snippet:-1","max-image-preview":"max-image-preview:large","max-video-preview":"max-video-preview:-1"},"canonical":"https:\/\/www.zulaibar.net\/es\/historia\/","og_locale":"es_ES","og_type":"article","og_title":"Historia - Zulaibar Arratiako Lanbide Ikastegia","og_description":"[vc_row][vc_column][vc_empty_space height=&#8221;48px&#8221;][\/vc_column][\/vc_row][vc_row][vc_column][vc_row_inner][vc_column_inner offset=&#8221;vc_col-lg-7 vc_col-md-6 vc_col-xs-12&#8243;][vc_column_text css_animation=&#8221;left-to-right&#8221; css=&#8221;.vc_custom_1466435654153{margin-top: 15px !important;}&#8221;] Breve historia del Centro Este centro [&hellip;]","og_url":"https:\/\/www.zulaibar.net\/es\/historia\/","og_site_name":"Zulaibar Arratiako Lanbide Ikastegia","article_publisher":"https:\/\/www.facebook.com\/zulaibar.arratiakolanbideikastegia","article_modified_time":"2017-05-30T10:23:15+00:00","twitter_misc":{"Tiempo de lectura":"3 minutos"},"schema":{"@context":"https:\/\/schema.org","@graph":[{"@type":"WebPage","@id":"https:\/\/www.zulaibar.net\/es\/historia\/","url":"https:\/\/www.zulaibar.net\/es\/historia\/","name":"Historia - Zulaibar Arratiako Lanbide Ikastegia","isPartOf":{"@id":"https:\/\/www.zulaibar.net\/#website"},"datePublished":"2013-01-10T09:30:08+00:00","dateModified":"2017-05-30T10:23:15+00:00","breadcrumb":{"@id":"https:\/\/www.zulaibar.net\/es\/historia\/#breadcrumb"},"inLanguage":"es","potentialAction":[{"@type":"ReadAction","target":["https:\/\/www.zulaibar.net\/es\/historia\/"]}]},{"@type":"BreadcrumbList","@id":"https:\/\/www.zulaibar.net\/es\/historia\/#breadcrumb","itemListElement":[{"@type":"ListItem","position":1,"name":"Portada","item":"https:\/\/www.zulaibar.net\/es\/"},{"@type":"ListItem","position":2,"name":"Historia"}]},{"@type":"WebSite","@id":"https:\/\/www.zulaibar.net\/#website","url":"https:\/\/www.zulaibar.net\/","name":"Zulaibar Arratiako Lanbide Ikastegia","description":"Zulaibar Arratiako Lanbide Ikastegiaren web gunea","potentialAction":[{"@type":"SearchAction","target":{"@type":"EntryPoint","urlTemplate":"https:\/\/www.zulaibar.net\/?s={search_term_string}"},"query-input":"required name=search_term_string"}],"inLanguage":"es"}]}},"_links":{"self":[{"href":"https:\/\/www.zulaibar.net\/es\/wp-json\/wp\/v2\/pages\/17"}],"collection":[{"href":"https:\/\/www.zulaibar.net\/es\/wp-json\/wp\/v2\/pages"}],"about":[{"href":"https:\/\/www.zulaibar.net\/es\/wp-json\/wp\/v2\/types\/page"}],"author":[{"embeddable":true,"href":"https:\/\/www.zulaibar.net\/es\/wp-json\/wp\/v2\/users\/1"}],"replies":[{"embeddable":true,"href":"https:\/\/www.zulaibar.net\/es\/wp-json\/wp\/v2\/comments?post=17"}],"version-history":[{"count":22,"href":"https:\/\/www.zulaibar.net\/es\/wp-json\/wp\/v2\/pages\/17\/revisions"}],"predecessor-version":[{"id":3982,"href":"https:\/\/www.zulaibar.net\/es\/wp-json\/wp\/v2\/pages\/17\/revisions\/3982"}],"wp:attachment":[{"href":"https:\/\/www.zulaibar.net\/es\/wp-json\/wp\/v2\/media?parent=17"}],"curies":[{"name":"wp","href":"https:\/\/api.w.org\/{rel}","templated":true}]}}

<p>[vc_row][vc_column][vc_empty_space height=&#8221;48px&#8221;][/vc_column][/vc_row][vc_row][vc_column][vc_row_inner][vc_column_inner offset=&#8221;vc_col-lg-7 vc_col-md-6 vc_col-xs-12&#8243;][vc_column_text css_animation=&#8221;left-to-right&#8221; css=&#8221;.vc_custom_1466435654153{margin-top: 15px !important;}&#8221;]</p>
<h3>Breve historia del Centro</h3>
<p>Este centro de FP se fundó en el año 1955 por iniciativa de personas vinculadas al pueblo de Zeanuri y sus parroquias de Santa María y Santiago. En el año 1968 se asentó en el edificio actual, en el Bº de Zulaibar.</p>
<p>En los inicios, la finalidad que se le encomendó a la Escuela, era lograr que los trabajadores del entorno que accedían a puestos de trabajo en las empresas más próximas tuvieran una cualificación profesional mínima que dignificara su trabajo. Tras ser Escuela de Aprendices que con tres años de formación después de los estudios primarios lograra el título de OFICIALIA para sus alumnos, fundamentalmente en especialidades de Ajuste, Torno, Fresadora, etc. Se implantaron la FPI y FPII (ley de 1970) ampliando las especialidades a Delineación, Electricidad / Electrónica, Administrativo, etc.</p>
<p>Hoy día es el único centro de FP de la Comarca de Arratia, pertenece a la RED de centros integrales del GV/EJ, colabora con el Dpto. de Trabajo-EGAILAN, LANGAI- Diputación de Bizkaia, HOBETUZ, Empresas, Ayuntamientos, &#8230; en materia de Formación. La titularidad la ostenta la Diócesis de Bilbao desde Centros Diocesanos y pertenece a la asociación de centros de FP HETEL.</p>
<p>Los esfuerzos de modernización de las instalaciones y equipamiento así como incorporación de nuevas tecnologías, formación del profesorado, aplicación de procesos de Calidad en Enseñanza / aprendizaje, etc. hace de ZULAIBAR un centro moderno y actual que imparte Ciclos formativos de formación profesional básica y Ciclos Formativos de Grado Medio y Grado Superior, así como cursos de no Reglada en Ocupacional y Continua.[/vc_column_text][/vc_column_inner][vc_column_inner offset=&#8221;vc_col-lg-5 vc_col-md-6 vc_col-xs-12&#8243;][vc_empty_space height=&#8221;18px&#8221;][vc_single_image image=&#8221;2584&#8243; img_size=&#8221;large&#8221; alignment=&#8221;center&#8221; css_animation=&#8221;right-to-left&#8221;][/vc_column_inner][/vc_row_inner][/vc_column][/vc_row][vc_row][vc_column][vc_btn title=&#8221;CONTACTA CON NOSOTROS&#8221; style=&#8221;custom&#8221; custom_background=&#8221;#006cb8&#8243; custom_text=&#8221;#ffffff&#8221; shape=&#8221;square&#8221; align=&#8221;center&#8221; css_animation=&#8221;bottom-to-top&#8221; link=&#8221;url:mailto%3Ainfo%40zulaibar.org||&#8221;][/vc_column][/vc_row][vc_row el_class=&#8221;.color-white&#8221; css=&#8221;.vc_custom_1453832129273{margin-top: 90px !important;margin-bottom: 90px !important;}&#8221;][vc_column width=&#8221;1/4&#8243;][/vc_column][vc_column width=&#8221;1/2&#8243; css=&#8221;.vc_custom_1462150982680{padding-right: 20px !important;padding-left: 20px !important;}&#8221;][vc_row_inner css=&#8221;.vc_custom_1462145761066{background-color: #006cb8 !important;}&#8221;][vc_column_inner width=&#8221;1/4&#8243;][vc_icon type=&#8221;linecons&#8221; icon_linecons=&#8221;vc_li vc_li-paperplane&#8221; color=&#8221;white&#8221; size=&#8221;lg&#8221; align=&#8221;center&#8221; css_animation=&#8221;left-to-right&#8221;][/vc_column_inner][vc_column_inner width=&#8221;3/4&#8243;][vc_column_text css_animation=&#8221;bottom-to-top&#8221;]</p>
<h4>MISIÓN</h4>
<p>El centro diocesano Arratiako Zulaibar Lanbide Ikastegia tiene como misión la educación de personas de forma integral, en un entorno euskaldun:</p>
<ul>
<li>basándose en valores humanos.</li>
<li>prestando especial interés a las necesidades de las empresas, organizaciones y familas de nuestra zona de influencia.</li>
<li>facilitando su integración social y laboral.</li>
<li>respetando el medio ambiente.</li>
</ul>
<p>[/vc_column_text][/vc_column_inner][/vc_row_inner][vc_row_inner css=&#8221;.vc_custom_1453832039579{background-color: #428bca !important;}&#8221;][vc_column_inner width=&#8221;1/4&#8243;][vc_icon type=&#8221;linecons&#8221; icon_linecons=&#8221;vc_li vc_li-bulb&#8221; color=&#8221;white&#8221; size=&#8221;lg&#8221; align=&#8221;center&#8221; css_animation=&#8221;left-to-right&#8221;][/vc_column_inner][vc_column_inner width=&#8221;3/4&#8243;][vc_column_text css_animation=&#8221;bottom-to-top&#8221;]</p>
<h4>VISIÓN</h4>
<p>Ser el Centro de referencia de Formación Profesional y fuerza tractora de nuestro ámbito de influencia, basándonos en metodologías y proyectos innovadores.[/vc_column_text][/vc_column_inner][/vc_row_inner][vc_row_inner css=&#8221;.vc_custom_1462150917442{background-color: #006cb8 !important;}&#8221;][vc_column_inner width=&#8221;1/4&#8243;][vc_icon type=&#8221;linecons&#8221; color=&#8221;white&#8221; size=&#8221;lg&#8221; align=&#8221;center&#8221; css_animation=&#8221;left-to-right&#8221;][/vc_column_inner][vc_column_inner width=&#8221;3/4&#8243;][vc_column_text css_animation=&#8221;bottom-to-top&#8221;]</p>
<h4>VALORES</h4>
<ul>
<li>Compromiso</li>
<li>Creatividad</li>
<li>Visión compartida</li>
<li>Aprendizaje continuo</li>
<li>Innovación</li>
<li>Trabajo en equipo</li>
</ul>
<p>[/vc_column_text][/vc_column_inner][/vc_row_inner][/vc_column][vc_column width=&#8221;1/4&#8243;][/vc_column][/vc_row]</p>
