{"id":626,"date":"2014-05-21T22:58:29","date_gmt":"2014-05-21T21:58:29","guid":{"rendered":"http:\/\/cas.zulaibar.org\/?page_id=626"},"modified":"2021-04-22T10:56:33","modified_gmt":"2021-04-22T09:56:33","slug":"formacion-dual","status":"publish","type":"page","link":"https:\/\/www.zulaibar.net\/es\/formacion-dual\/","title":{"rendered":"FORMACI\u00d3N DUAL"},"content":{"rendered":"<p>[vc_row][vc_column][vc_cta h2=&#8221;&#8221; color=&#8221;grey&#8221;]<\/p>\n<h2>FORMACI\u00d3N PROFESIONAL DUAL EN R\u00c9GIMEN DE ALTERNANCIA<\/h2>\n<p>[\/vc_cta][\/vc_column][\/vc_row][vc_row][vc_column width=&#8221;1\/2&#8243;][vc_column_text]La FP Dual es un programa orientado a la obtenci\u00f3n de un t\u00edtulo de Formaci\u00f3n Profesional, a trav\u00e9s de un proceso de aprendizaje que se ejecuta mediante una experiencia laboral, combinando a lo largo del segundo curso del ciclo formativo una estancia en r\u00e9gimen de alternancia entre el centro educativo y una empresa.<\/p>\n<h3><strong>Objetivos de la formaci\u00f3n dual<\/strong><\/h3>\n<p>La formaci\u00f3n profesional dual\u00a0busca:<\/p>\n<ul>\n<li>Facilitar que los j\u00f3venes puedan acceder al mercado laboral promoviendo empleos de calidad.<\/li>\n<\/ul>\n<ul>\n<li>Dotar al alumnado de una alta cualificaci\u00f3n de formaci\u00f3n profesional y competencia personal y social.<\/li>\n<\/ul>\n<ul>\n<li>Fomentar la vinculaci\u00f3n con las empresas y el mundo productivo.<\/li>\n<\/ul>\n<h3 style=\"text-align: center;\"><strong>&#8220;APRENDER\u00a0 a trav\u00e9s del TRABAJO,<\/strong><\/h3>\n<h3 style=\"text-align: center;\"><strong>y no trabajar aprendiendo&#8221;<\/strong><\/h3>\n<h3><strong>Beneficios de la FP dual<\/strong><\/h3>\n<ul>\n<li>Los estudiantes cuentan con gran experiencia laboral tanto en situaciones de aprendizaje como de trabajo.<\/li>\n<li>Reciben una retribuci\u00f3n salarial acorde al tiempo de trabajo seg\u00fan el contrato y\/o convenio e inicia su vida laboral cotizando a la Seguridad Social.<\/li>\n<li>Mejora el curr\u00edculum y acceso al mercado laboral<\/li>\n<\/ul>\n<h3><\/h3>\n<h3><strong>Modelos de la FP dual<\/strong><\/h3>\n<p><u><\/u>Los 2 modelos de FP Dual est\u00e1n amparados por el Decreto 83\/2015 y se pueden formalizar mediante:<\/p>\n<ul>\n<li><strong>Contrato de Formaci\u00f3n y Aprendizaje:<\/strong><\/li>\n<\/ul>\n<p>El alumnado deber\u00e1 ser\u00a0<u>menor de 30 a\u00f1os (ser\u00e1 de 25 a\u00f1os cuando la tasa del desempleo se situe por debajo del 15 %)<\/u><\/p>\n<p>En situaci\u00f3n de desempleo e inscritos en Lanbide.<\/p>\n<ul>\n<li><strong>Beca:<\/strong><\/li>\n<\/ul>\n<p>No hay l\u00edmite de edad.<\/p>\n<p>Recibe salario similar y cotiza a la SS.<\/p>\n<p>La beca da cobertura a la modalidad de 3 a\u00f1os de especializaci\u00f3n.<\/p>\n<p>[vc_cta h2=&#8221;Criterios de selecci\u00f3n&#8221;]<strong><a href=\"https:\/\/www.zulaibar.net\/wp-content\/uploads\/2021\/04\/Criterios-selecci%C3%B3n-formaci%C3%B3n-dual-.doc\">Criterios selecci\u00f3n<\/a><\/strong><\/p>\n<p>[\/vc_column_text][vc_single_image image=&#8221;5256&#8243; img_size=&#8221;full&#8221; alignment=&#8221;center&#8221;][vc_empty_space][vc_empty_space][\/vc_column][vc_column width=&#8221;1\/2&#8243;][vc_single_image image=&#8221;5258&#8243; img_size=&#8221;full&#8221; alignment=&#8221;center&#8221;][vc_empty_space height=&#8221;64px&#8221;][vc_single_image image=&#8221;5219&#8243; img_size=&#8221;medium&#8221; alignment=&#8221;center&#8221;][vc_single_image image=&#8221;5217&#8243; img_size=&#8221;medium&#8221; alignment=&#8221;center&#8221;][vc_single_image image=&#8221;5215&#8243; img_size=&#8221;medium&#8221; alignment=&#8221;center&#8221;][vc_single_image image=&#8221;5223&#8243; img_size=&#8221;medium&#8221; alignment=&#8221;center&#8221;][\/vc_column][\/vc_row][vc_row][vc_column width=&#8221;1\/2&#8243;][vc_single_image image=&#8221;5213&#8243; img_size=&#8221;medium&#8221; alignment=&#8221;center&#8221;][\/vc_column][vc_column width=&#8221;1\/2&#8243;][vc_single_image image=&#8221;5225&#8243; img_size=&#8221;medium&#8221; alignment=&#8221;center&#8221;][\/vc_column][\/vc_row][vc_row][vc_column width=&#8221;1\/2&#8243;][vc_single_image image=&#8221;5211&#8243; img_size=&#8221;medium&#8221; alignment=&#8221;center&#8221;][\/vc_column][vc_column width=&#8221;1\/2&#8243;][vc_single_image image=&#8221;5221&#8243; img_size=&#8221;medium&#8221; alignment=&#8221;center&#8221;][\/vc_column][\/vc_row]<\/p>\n","protected":false},"excerpt":{"rendered":"<p>[vc_row][vc_column][vc_cta h2=&#8221;&#8221; color=&#8221;grey&#8221;] FORMACI\u00d3N PROFESIONAL DUAL EN R\u00c9GIMEN DE ALTERNANCIA [\/vc_cta][\/vc_column][\/vc_row][vc_row][vc_column width=&#8221;1\/2&#8243;][vc_column_text]La FP Dual es [&hellip;]<\/p>\n","protected":false},"author":1,"featured_media":0,"parent":0,"menu_order":0,"comment_status":"closed","ping_status":"closed","template":"","meta":[],"yoast_head":"<!-- This site is optimized with the Yoast SEO plugin v20.5 - https:\/\/yoast.com\/wordpress\/plugins\/seo\/ -->\n<title>FORMACI\u00d3N DUAL - Zulaibar Arratiako Lanbide Ikastegia<\/title>\n<meta name=\"robots\" content=\"index, follow, max-snippet:-1, max-image-preview:large, max-video-preview:-1\" \/>\n<link rel=\"canonical\" href=\"https:\/\/www.zulaibar.net\/es\/formacion-dual\/\" \/>\n<meta property=\"og:locale\" content=\"es_ES\" \/>\n<meta property=\"og:type\" content=\"article\" \/>\n<meta property=\"og:title\" content=\"FORMACI\u00d3N DUAL - Zulaibar Arratiako Lanbide Ikastegia\" \/>\n<meta property=\"og:description\" content=\"[vc_row][vc_column][vc_cta h2=&#8221;&#8221; color=&#8221;grey&#8221;] FORMACI\u00d3N PROFESIONAL DUAL EN R\u00c9GIMEN DE ALTERNANCIA [\/vc_cta][\/vc_column][\/vc_row][vc_row][vc_column width=&#8221;1\/2&#8243;][vc_column_text]La FP Dual es [&hellip;]\" \/>\n<meta property=\"og:url\" content=\"https:\/\/www.zulaibar.net\/es\/formacion-dual\/\" \/>\n<meta property=\"og:site_name\" content=\"Zulaibar Arratiako Lanbide Ikastegia\" \/>\n<meta property=\"article:publisher\" content=\"https:\/\/www.facebook.com\/zulaibar.arratiakolanbideikastegia\" \/>\n<meta property=\"article:modified_time\" content=\"2021-04-22T09:56:33+00:00\" \/>\n<meta name=\"twitter:label1\" content=\"Tiempo de lectura\" \/>\n\t<meta name=\"twitter:data1\" content=\"2 minutos\" \/>\n<script type=\"application\/ld+json\" class=\"yoast-schema-graph\">{\"@context\":\"https:\/\/schema.org\",\"@graph\":[{\"@type\":\"WebPage\",\"@id\":\"https:\/\/www.zulaibar.net\/es\/formacion-dual\/\",\"url\":\"https:\/\/www.zulaibar.net\/es\/formacion-dual\/\",\"name\":\"FORMACI\u00d3N DUAL - Zulaibar Arratiako Lanbide Ikastegia\",\"isPartOf\":{\"@id\":\"https:\/\/www.zulaibar.net\/#website\"},\"datePublished\":\"2014-05-21T21:58:29+00:00\",\"dateModified\":\"2021-04-22T09:56:33+00:00\",\"breadcrumb\":{\"@id\":\"https:\/\/www.zulaibar.net\/es\/formacion-dual\/#breadcrumb\"},\"inLanguage\":\"es\",\"potentialAction\":[{\"@type\":\"ReadAction\",\"target\":[\"https:\/\/www.zulaibar.net\/es\/formacion-dual\/\"]}]},{\"@type\":\"BreadcrumbList\",\"@id\":\"https:\/\/www.zulaibar.net\/es\/formacion-dual\/#breadcrumb\",\"itemListElement\":[{\"@type\":\"ListItem\",\"position\":1,\"name\":\"Portada\",\"item\":\"https:\/\/www.zulaibar.net\/es\/\"},{\"@type\":\"ListItem\",\"position\":2,\"name\":\"FORMACI\u00d3N DUAL\"}]},{\"@type\":\"WebSite\",\"@id\":\"https:\/\/www.zulaibar.net\/#website\",\"url\":\"https:\/\/www.zulaibar.net\/\",\"name\":\"Zulaibar Arratiako Lanbide Ikastegia\",\"description\":\"Zulaibar Arratiako Lanbide Ikastegiaren web gunea\",\"potentialAction\":[{\"@type\":\"SearchAction\",\"target\":{\"@type\":\"EntryPoint\",\"urlTemplate\":\"https:\/\/www.zulaibar.net\/?s={search_term_string}\"},\"query-input\":\"required name=search_term_string\"}],\"inLanguage\":\"es\"}]}<\/script>\n<!-- \/ Yoast SEO plugin. -->","yoast_head_json":{"title":"FORMACI\u00d3N DUAL - Zulaibar Arratiako Lanbide Ikastegia","robots":{"index":"index","follow":"follow","max-snippet":"max-snippet:-1","max-image-preview":"max-image-preview:large","max-video-preview":"max-video-preview:-1"},"canonical":"https:\/\/www.zulaibar.net\/es\/formacion-dual\/","og_locale":"es_ES","og_type":"article","og_title":"FORMACI\u00d3N DUAL - Zulaibar Arratiako Lanbide Ikastegia","og_description":"[vc_row][vc_column][vc_cta h2=&#8221;&#8221; color=&#8221;grey&#8221;] FORMACI\u00d3N PROFESIONAL DUAL EN R\u00c9GIMEN DE ALTERNANCIA [\/vc_cta][\/vc_column][\/vc_row][vc_row][vc_column width=&#8221;1\/2&#8243;][vc_column_text]La FP Dual es [&hellip;]","og_url":"https:\/\/www.zulaibar.net\/es\/formacion-dual\/","og_site_name":"Zulaibar Arratiako Lanbide Ikastegia","article_publisher":"https:\/\/www.facebook.com\/zulaibar.arratiakolanbideikastegia","article_modified_time":"2021-04-22T09:56:33+00:00","twitter_misc":{"Tiempo de lectura":"2 minutos"},"schema":{"@context":"https:\/\/schema.org","@graph":[{"@type":"WebPage","@id":"https:\/\/www.zulaibar.net\/es\/formacion-dual\/","url":"https:\/\/www.zulaibar.net\/es\/formacion-dual\/","name":"FORMACI\u00d3N DUAL - Zulaibar Arratiako Lanbide Ikastegia","isPartOf":{"@id":"https:\/\/www.zulaibar.net\/#website"},"datePublished":"2014-05-21T21:58:29+00:00","dateModified":"2021-04-22T09:56:33+00:00","breadcrumb":{"@id":"https:\/\/www.zulaibar.net\/es\/formacion-dual\/#breadcrumb"},"inLanguage":"es","potentialAction":[{"@type":"ReadAction","target":["https:\/\/www.zulaibar.net\/es\/formacion-dual\/"]}]},{"@type":"BreadcrumbList","@id":"https:\/\/www.zulaibar.net\/es\/formacion-dual\/#breadcrumb","itemListElement":[{"@type":"ListItem","position":1,"name":"Portada","item":"https:\/\/www.zulaibar.net\/es\/"},{"@type":"ListItem","position":2,"name":"FORMACI\u00d3N DUAL"}]},{"@type":"WebSite","@id":"https:\/\/www.zulaibar.net\/#website","url":"https:\/\/www.zulaibar.net\/","name":"Zulaibar Arratiako Lanbide Ikastegia","description":"Zulaibar Arratiako Lanbide Ikastegiaren web gunea","potentialAction":[{"@type":"SearchAction","target":{"@type":"EntryPoint","urlTemplate":"https:\/\/www.zulaibar.net\/?s={search_term_string}"},"query-input":"required name=search_term_string"}],"inLanguage":"es"}]}},"_links":{"self":[{"href":"https:\/\/www.zulaibar.net\/es\/wp-json\/wp\/v2\/pages\/626"}],"collection":[{"href":"https:\/\/www.zulaibar.net\/es\/wp-json\/wp\/v2\/pages"}],"about":[{"href":"https:\/\/www.zulaibar.net\/es\/wp-json\/wp\/v2\/types\/page"}],"author":[{"embeddable":true,"href":"https:\/\/www.zulaibar.net\/es\/wp-json\/wp\/v2\/users\/1"}],"replies":[{"embeddable":true,"href":"https:\/\/www.zulaibar.net\/es\/wp-json\/wp\/v2\/comments?post=626"}],"version-history":[{"count":27,"href":"https:\/\/www.zulaibar.net\/es\/wp-json\/wp\/v2\/pages\/626\/revisions"}],"predecessor-version":[{"id":2531,"href":"https:\/\/www.zulaibar.net\/es\/wp-json\/wp\/v2\/pages\/626\/revisions\/2531"}],"wp:attachment":[{"href":"https:\/\/www.zulaibar.net\/es\/wp-json\/wp\/v2\/media?parent=626"}],"curies":[{"name":"wp","href":"https:\/\/api.w.org\/{rel}","templated":true}]}}

FORMACIÓN DUAL

<p>[vc_row][vc_column][vc_cta h2=&#8221;&#8221; color=&#8221;grey&#8221;]</p>
<h2>FORMACIÓN PROFESIONAL DUAL EN RÉGIMEN DE ALTERNANCIA</h2>
<p>[/vc_cta][/vc_column][/vc_row][vc_row][vc_column width=&#8221;1/2&#8243;][vc_column_text]La FP Dual es un programa orientado a la obtención de un título de Formación Profesional, a través de un proceso de aprendizaje que se ejecuta mediante una experiencia laboral, combinando a lo largo del segundo curso del ciclo formativo una estancia en régimen de alternancia entre el centro educativo y una empresa.</p>
<h3><strong>Objetivos de la formación dual</strong></h3>
<p>La formación profesional dual busca:</p>
<ul>
<li>Facilitar que los jóvenes puedan acceder al mercado laboral promoviendo empleos de calidad.</li>
</ul>
<ul>
<li>Dotar al alumnado de una alta cualificación de formación profesional y competencia personal y social.</li>
</ul>
<ul>
<li>Fomentar la vinculación con las empresas y el mundo productivo.</li>
</ul>
<h3 style="text-align: center;"><strong>&#8220;APRENDER  a través del TRABAJO,</strong></h3>
<h3 style="text-align: center;"><strong>y no trabajar aprendiendo&#8221;</strong></h3>
<h3><strong>Beneficios de la FP dual</strong></h3>
<ul>
<li>Los estudiantes cuentan con gran experiencia laboral tanto en situaciones de aprendizaje como de trabajo.</li>
<li>Reciben una retribución salarial acorde al tiempo de trabajo según el contrato y/o convenio e inicia su vida laboral cotizando a la Seguridad Social.</li>
<li>Mejora el currículum y acceso al mercado laboral</li>
</ul>
<h3></h3>
<h3><strong>Modelos de la FP dual</strong></h3>
<p><u></u>Los 2 modelos de FP Dual están amparados por el Decreto 83/2015 y se pueden formalizar mediante:</p>
<ul>
<li><strong>Contrato de Formación y Aprendizaje:</strong></li>
</ul>
<p>El alumnado deberá ser <u>menor de 30 años (será de 25 años cuando la tasa del desempleo se situe por debajo del 15 %)</u></p>
<p>En situación de desempleo e inscritos en Lanbide.</p>
<ul>
<li><strong>Beca:</strong></li>
</ul>
<p>No hay límite de edad.</p>
<p>Recibe salario similar y cotiza a la SS.</p>
<p>La beca da cobertura a la modalidad de 3 años de especialización.</p>
<p>[vc_cta h2=&#8221;Criterios de selección&#8221;]<strong><a href="https://www.zulaibar.net/wp-content/uploads/2021/04/Criterios-selecci%C3%B3n-formaci%C3%B3n-dual-.doc">Criterios selección</a></strong></p>
<p>[/vc_column_text][vc_single_image image=&#8221;5256&#8243; img_size=&#8221;full&#8221; alignment=&#8221;center&#8221;][vc_empty_space][vc_empty_space][/vc_column][vc_column width=&#8221;1/2&#8243;][vc_single_image image=&#8221;5258&#8243; img_size=&#8221;full&#8221; alignment=&#8221;center&#8221;][vc_empty_space height=&#8221;64px&#8221;][vc_single_image image=&#8221;5219&#8243; img_size=&#8221;medium&#8221; alignment=&#8221;center&#8221;][vc_single_image image=&#8221;5217&#8243; img_size=&#8221;medium&#8221; alignment=&#8221;center&#8221;][vc_single_image image=&#8221;5215&#8243; img_size=&#8221;medium&#8221; alignment=&#8221;center&#8221;][vc_single_image image=&#8221;5223&#8243; img_size=&#8221;medium&#8221; alignment=&#8221;center&#8221;][/vc_column][/vc_row][vc_row][vc_column width=&#8221;1/2&#8243;][vc_single_image image=&#8221;5213&#8243; img_size=&#8221;medium&#8221; alignment=&#8221;center&#8221;][/vc_column][vc_column width=&#8221;1/2&#8243;][vc_single_image image=&#8221;5225&#8243; img_size=&#8221;medium&#8221; alignment=&#8221;center&#8221;][/vc_column][/vc_row][vc_row][vc_column width=&#8221;1/2&#8243;][vc_single_image image=&#8221;5211&#8243; img_size=&#8221;medium&#8221; alignment=&#8221;center&#8221;][/vc_column][vc_column width=&#8221;1/2&#8243;][vc_single_image image=&#8221;5221&#8243; img_size=&#8221;medium&#8221; alignment=&#8221;center&#8221;][/vc_column][/vc_row]</p>

<p>[vc_row][vc_column][vc_cta h2=&#8221;&#8221; color=&#8221;grey&#8221;] FORMACIÓN PROFESIONAL DUAL EN RÉGIMEN DE ALTERNANCIA [/vc_cta][/vc_column][/vc_row][vc_row][vc_column width=&#8221;1/2&#8243;][vc_column_text]La FP Dual es [&hellip;]</p>

<!-- This site is optimized with the Yoast SEO plugin v20.5 - https://yoast.com/wordpress/plugins/seo/ -->
<title>FORMACIÓN DUAL - Zulaibar Arratiako Lanbide Ikastegia</title>
<meta name="robots" content="index, follow, max-snippet:-1, max-image-preview:large, max-video-preview:-1" />
<link rel="canonical" href="https://www.zulaibar.net/es/formacion-dual/" />
<meta property="og:locale" content="es_ES" />
<meta property="og:type" content="article" />
<meta property="og:title" content="FORMACIÓN DUAL - Zulaibar Arratiako Lanbide Ikastegia" />
<meta property="og:description" content="[vc_row][vc_column][vc_cta h2=&#8221;&#8221; color=&#8221;grey&#8221;] FORMACIÓN PROFESIONAL DUAL EN RÉGIMEN DE ALTERNANCIA [/vc_cta][/vc_column][/vc_row][vc_row][vc_column width=&#8221;1/2&#8243;][vc_column_text]La FP Dual es [&hellip;]" />
<meta property="og:url" content="https://www.zulaibar.net/es/formacion-dual/" />
<meta property="og:site_name" content="Zulaibar Arratiako Lanbide Ikastegia" />
<meta property="article:publisher" content="https://www.facebook.com/zulaibar.arratiakolanbideikastegia" />
<meta property="article:modified_time" content="2021-04-22T09:56:33+00:00" />
<meta name="twitter:label1" content="Tiempo de lectura" />
	<meta name="twitter:data1" content="2 minutos" />
<script type="application/ld+json" class="yoast-schema-graph">{"@context":"https://schema.org","@graph":[{"@type":"WebPage","@id":"https://www.zulaibar.net/es/formacion-dual/","url":"https://www.zulaibar.net/es/formacion-dual/","name":"FORMACIÓN DUAL - Zulaibar Arratiako Lanbide Ikastegia","isPartOf":{"@id":"https://www.zulaibar.net/#website"},"datePublished":"2014-05-21T21:58:29+00:00","dateModified":"2021-04-22T09:56:33+00:00","breadcrumb":{"@id":"https://www.zulaibar.net/es/formacion-dual/#breadcrumb"},"inLanguage":"es","potentialAction":[{"@type":"ReadAction","target":["https://www.zulaibar.net/es/formacion-dual/"]}]},{"@type":"BreadcrumbList","@id":"https://www.zulaibar.net/es/formacion-dual/#breadcrumb","itemListElement":[{"@type":"ListItem","position":1,"name":"Portada","item":"https://www.zulaibar.net/es/"},{"@type":"ListItem","position":2,"name":"FORMACIÓN DUAL"}]},{"@type":"WebSite","@id":"https://www.zulaibar.net/#website","url":"https://www.zulaibar.net/","name":"Zulaibar Arratiako Lanbide Ikastegia","description":"Zulaibar Arratiako Lanbide Ikastegiaren web gunea","potentialAction":[{"@type":"SearchAction","target":{"@type":"EntryPoint","urlTemplate":"https://www.zulaibar.net/?s={search_term_string}"},"query-input":"required name=search_term_string"}],"inLanguage":"es"}]}</script>
<!-- / Yoast SEO plugin. -->

FORMACIÓN DUAL - Zulaibar Arratiako Lanbide Ikastegia

[vc_row][vc_column][vc_cta h2=&#8221;&#8221; color=&#8221;grey&#8221;] FORMACIÓN PROFESIONAL DUAL EN RÉGIMEN DE ALTERNANCIA [/vc_cta][/vc_column][/vc_row][vc_row][vc_column width=&#8221;1/2&#8243;][vc_column_text]La FP Dual es [&hellip;]
